{"id":8813,"date":"2019-07-24T14:14:47","date_gmt":"2019-07-24T12:14:47","guid":{"rendered":"https:\/\/cultura.umh.es\/?page_id=8813"},"modified":"2025-12-16T09:22:50","modified_gmt":"2025-12-16T08:22:50","slug":"precrea","status":"publish","type":"page","link":"https:\/\/cultura.umh.es\/es\/convocatorias\/precrea\/","title":{"rendered":"PRECREA (Premios a la Creaci\u00f3n de las Universidades P\u00fablicas Valencianas)"},"content":{"rendered":"<p><strong>VI Premios a la Creaci\u00f3n de las Universidades P\u00fablicas Valencianas PRECREA<\/strong><\/p>\n<p>Las universidades p\u00fablicas valencianas, atendiendo a su compromiso con la cultura, las artes y la difusi\u00f3n del conocimiento, convocan los V Premios a la Creaci\u00f3n de las Universidades P\u00fablicas Valencianas, PRECREA. Estos premios honor\u00edficos est\u00e1n destinados a galardonar la tarea cultural realizada por personas, colectivos o instituciones en el \u00e1mbito de la Comunidad Valenciana.<\/p>\n<p>Hay cinco categor\u00edas diferentes:<\/p>\n<ul>\n<li>Premio Carles Santos de&nbsp;<strong>Artes Esc\u00e9nicas<\/strong>, otorgado por la Universitat de Val\u00e8ncia<\/li>\n<li>Premio Juana Franc\u00e9s de&nbsp;<strong>Artes Pl\u00e1sticas y Visuales<\/strong>, otorgado por la Universidad Miguel Hern\u00e1ndez de Elche<\/li>\n<li>Premio Jos\u00e9 M.\u00aa Yturralde de&nbsp;<strong>Dise\u00f1o y Creatividad Tecnol\u00f3gica<\/strong>, otorgado por la Universitat Polit\u00e8cnica de Val\u00e8ncia<\/li>\n<li>Premio Isabel-Clara Sim\u00f3 de&nbsp;<strong>Creaci\u00f3n y Traducci\u00f3n Literarias<\/strong>, otorgado por la Universitat d&#8217;Alacant<\/li>\n<li>Premio Matilde Salvador de&nbsp;<strong>M\u00fasica<\/strong>, otorgado por la Universitat Jaume I de Castell\u00f3<\/li>\n<\/ul>\n<p>Los galardones, a entregar este 2025, se otorgar\u00e1n como reconocimiento a la meritoria labor de los galardonados o de las galardonadas en cada una de las categor\u00edas descritas, puesta de manifiesto preferentemente a trav\u00e9s de una obra o actuaci\u00f3n hecha p\u00fablica o representada durante el a\u00f1o anterior o, en casos excepcionales, tambi\u00e9n podr\u00e1n otorgarse como reconocimiento a una trayectoria profesional. Para la concesi\u00f3n de los premios se tendr\u00e1 en cuenta la calidad de las obras, as\u00ed como su significaci\u00f3n en cuanto a la excelencia y la innovaci\u00f3n de la vida cultural y art\u00edstica valencianas.<\/p>\n<p>Los candidatos y\/o las candidatas ser\u00e1n presentados por los&nbsp;miembros del jurado o por las entidades culturales o profesionales&nbsp;relacionadas con las actividades art\u00edsticas o culturales objeto de cada&nbsp;premio, mediante propuestas razonadas dirigidas a los vicerrectorados&nbsp;competentes de cada universidad en funci\u00f3n de la categor\u00eda del premio.<\/p>\n<hr>\n<p><strong>Acuerdo de las Universidades P\u00fablicas Valencianas, por el cual se convocan los VI Premios a la Creaci\u00f3n de las Universidades P\u00fablicas Valencianas PRECREA.<\/strong><\/p>\n<p>Las Universidades p\u00fablicas valencianas, atendiendo a lo dispuesto en el art\u00edculo 19.1 de la Ley org\u00e1nica 2\/2023, de 22 de marzo, del sistema universitario, en el \u00e1mbito de la cultura las universidades tendr\u00e1n como funci\u00f3n \u00abLa creaci\u00f3n y transmisi\u00f3n de la cultura universitaria en toda su diversidad, constituye una misi\u00f3n fundamental de la Universidad. A tal fin, las universidades velar\u00e1n por mantener y reforzar la dimensi\u00f3n cultural de todas sus actividades, impulsando, asimismo, su apertura, transmisi\u00f3n y difusi\u00f3n al entorno social con una perspectiva intercultural, de formaci\u00f3n a lo largo de la vida y de democratizaci\u00f3n del conocimiento\u00bb, convocar los VI Premios a la Creaci\u00f3n de las Universidades P\u00fablicas Valencianas (PRECREA).<\/p>\n<p><a href=\"https:\/\/web.ua.es\/es\/vr-cultura\/documentos\/precrea\/vi-precrea-acuerdo-public-dogv.pdf\" target=\"_blank\" rel=\"noopener\">Acuerdo PRECREA<\/a><\/p>\n<hr>\n<p><a href=\"https:\/\/boumh.umh.es\/files\/2025\/10\/RR_02975_2025.pdf\" target=\"_blank\" rel=\"noopener\">Descargar convocatoria del Premio PRECREA UMH 2025 (BOUMH)<\/a><\/p>\n<p><a href=\"https:\/\/dogv.gva.es\/datos\/2025\/10\/27\/pdf\/2025_44236_es.pdf\" target=\"_blank\" rel=\"noopener\">Descargar convocatoria del Premio PRECREA UMH 2025 (DOGV)<\/a><\/p>\n<hr>\n<p>Resoluci\u00f3n Rectoral 03333\/2025, de 26 de noviembre, por la que se publica la lista definitiva de admitidos y excluidos a tr\u00e1mite de la convocatoria Premio Juana Franc\u00e9s de Artes Pl\u00e1sticas y Visuales dentro de la VI edici\u00f3n de los premios a la Creaci\u00f3n de las Universidades P\u00fablicas Valencianas (PRECREA):<\/p>\n<p><a href=\"https:\/\/boumh.umh.es\/files\/2025\/11\/RR_03333_2025.pdf\">Descargar lista definitiva de admitidos y excluidos de la convocatoria Premio Juana Franc\u00e9s de Artes Pl\u00e1sticas y Visuales PRECREA<\/a><\/p>\n<hr>\n<p>Resoluci\u00f3n Rectoral 03538\/2025, de 12 de diciembre, por la que se concede el Premio Juana Franc\u00e9s de Artes Pl\u00e1sticas y Visuales dentro de la VI edici\u00f3n de los Premios a la Creaci\u00f3n de las Universidades P\u00fablicas Valencianas (PRECREA):<\/p>\n<p><a href=\"https:\/\/boumh.umh.es\/files\/2025\/12\/RR_03538_2025.pdf\">Descargar Resoluci\u00f3n de la concesi\u00f3n del Premio Juana Franc\u00e9s de Artes Pl\u00e1sticas y Visuales (BOUMH)<\/a><\/p>","protected":false},"excerpt":{"rendered":"<p>VI Premios a la Creaci\u00f3n de las Universidades P\u00fablicas Valencianas PRECREA<br \/>\nLas universidades p\u00fablicas valencianas, atendiendo a su compromiso con la cultura, las artes y la difusi\u00f3n del conocimiento, convocan los V Premios a la Creaci\u00f3n de las Universidades P\u00fablicas Valencianas, PRECREA. Estos premios honor\u00edficos est\u00e1n destinados a galardonar la tarea cultural realizada por personas, colectivos [&#8230;]<\/p>\n","protected":false},"author":413,"featured_media":0,"parent":3308,"menu_order":0,"comment_status":"closed","ping_status":"closed","template":"","meta":{"ngg_post_thumbnail":0,"_links_to":"","_links_to_target":""},"_links":{"self":[{"href":"https:\/\/cultura.umh.es\/es\/wp-json\/wp\/v2\/pages\/8813"}],"collection":[{"href":"https:\/\/cultura.umh.es\/es\/wp-json\/wp\/v2\/pages"}],"about":[{"href":"https:\/\/cultura.umh.es\/es\/wp-json\/wp\/v2\/types\/page"}],"author":[{"embeddable":true,"href":"https:\/\/cultura.umh.es\/es\/wp-json\/wp\/v2\/users\/413"}],"replies":[{"embeddable":true,"href":"https:\/\/cultura.umh.es\/es\/wp-json\/wp\/v2\/comments?post=8813"}],"version-history":[{"count":0,"href":"https:\/\/cultura.umh.es\/es\/wp-json\/wp\/v2\/pages\/8813\/revisions"}],"up":[{"embeddable":true,"href":"https:\/\/cultura.umh.es\/es\/wp-json\/wp\/v2\/pages\/3308"}],"wp:attachment":[{"href":"https:\/\/cultura.umh.es\/es\/wp-json\/wp\/v2\/media?parent=8813"}],"curies":[{"name":"wp","href":"https:\/\/api.w.org\/{rel}","templated":true}]}}

PRECREA (Premios a la Creación de las Universidades Públicas Valencianas)

<p><strong>VI Premios a la Creación de las Universidades Públicas Valencianas PRECREA</strong></p>
<p>Las universidades públicas valencianas, atendiendo a su compromiso con la cultura, las artes y la difusión del conocimiento, convocan los V Premios a la Creación de las Universidades Públicas Valencianas, PRECREA. Estos premios honoríficos están destinados a galardonar la tarea cultural realizada por personas, colectivos o instituciones en el ámbito de la Comunidad Valenciana.</p>
<p>Hay cinco categorías diferentes:</p>
<ul>
<li>Premio Carles Santos de&nbsp;<strong>Artes Escénicas</strong>, otorgado por la Universitat de València</li>
<li>Premio Juana Francés de&nbsp;<strong>Artes Plásticas y Visuales</strong>, otorgado por la Universidad Miguel Hernández de Elche</li>
<li>Premio José M.ª Yturralde de&nbsp;<strong>Diseño y Creatividad Tecnológica</strong>, otorgado por la Universitat Politècnica de València</li>
<li>Premio Isabel-Clara Simó de&nbsp;<strong>Creación y Traducción Literarias</strong>, otorgado por la Universitat d&#8217;Alacant</li>
<li>Premio Matilde Salvador de&nbsp;<strong>Música</strong>, otorgado por la Universitat Jaume I de Castelló</li>
</ul>
<p>Los galardones, a entregar este 2025, se otorgarán como reconocimiento a la meritoria labor de los galardonados o de las galardonadas en cada una de las categorías descritas, puesta de manifiesto preferentemente a través de una obra o actuación hecha pública o representada durante el año anterior o, en casos excepcionales, también podrán otorgarse como reconocimiento a una trayectoria profesional. Para la concesión de los premios se tendrá en cuenta la calidad de las obras, así como su significación en cuanto a la excelencia y la innovación de la vida cultural y artística valencianas.</p>
<p>Los candidatos y/o las candidatas serán presentados por los&nbsp;miembros del jurado o por las entidades culturales o profesionales&nbsp;relacionadas con las actividades artísticas o culturales objeto de cada&nbsp;premio, mediante propuestas razonadas dirigidas a los vicerrectorados&nbsp;competentes de cada universidad en función de la categoría del premio.</p>
<hr>
<p><strong>Acuerdo de las Universidades Públicas Valencianas, por el cual se convocan los VI Premios a la Creación de las Universidades Públicas Valencianas PRECREA.</strong></p>
<p>Las Universidades públicas valencianas, atendiendo a lo dispuesto en el artículo 19.1 de la Ley orgánica 2/2023, de 22 de marzo, del sistema universitario, en el ámbito de la cultura las universidades tendrán como función «La creación y transmisión de la cultura universitaria en toda su diversidad, constituye una misión fundamental de la Universidad. A tal fin, las universidades velarán por mantener y reforzar la dimensión cultural de todas sus actividades, impulsando, asimismo, su apertura, transmisión y difusión al entorno social con una perspectiva intercultural, de formación a lo largo de la vida y de democratización del conocimiento», convocar los VI Premios a la Creación de las Universidades Públicas Valencianas (PRECREA).</p>
<p><a href="https://web.ua.es/es/vr-cultura/documentos/precrea/vi-precrea-acuerdo-public-dogv.pdf" target="_blank" rel="noopener">Acuerdo PRECREA</a></p>
<hr>
<p><a href="https://boumh.umh.es/files/2025/10/RR_02975_2025.pdf" target="_blank" rel="noopener">Descargar convocatoria del Premio PRECREA UMH 2025 (BOUMH)</a></p>
<p><a href="https://dogv.gva.es/datos/2025/10/27/pdf/2025_44236_es.pdf" target="_blank" rel="noopener">Descargar convocatoria del Premio PRECREA UMH 2025 (DOGV)</a></p>
<hr>
<p>Resolución Rectoral 03333/2025, de 26 de noviembre, por la que se publica la lista definitiva de admitidos y excluidos a trámite de la convocatoria Premio Juana Francés de Artes Plásticas y Visuales dentro de la VI edición de los premios a la Creación de las Universidades Públicas Valencianas (PRECREA):</p>
<p><a href="https://boumh.umh.es/files/2025/11/RR_03333_2025.pdf">Descargar lista definitiva de admitidos y excluidos de la convocatoria Premio Juana Francés de Artes Plásticas y Visuales PRECREA</a></p>
<hr>
<p>Resolución Rectoral 03538/2025, de 12 de diciembre, por la que se concede el Premio Juana Francés de Artes Plásticas y Visuales dentro de la VI edición de los Premios a la Creación de las Universidades Públicas Valencianas (PRECREA):</p>
<p><a href="https://boumh.umh.es/files/2025/12/RR_03538_2025.pdf">Descargar Resolución de la concesión del Premio Juana Francés de Artes Plásticas y Visuales (BOUMH)</a></p>

<p>VI Premios a la Creación de las Universidades Públicas Valencianas PRECREA<br />
Las universidades públicas valencianas, atendiendo a su compromiso con la cultura, las artes y la difusión del conocimiento, convocan los V Premios a la Creación de las Universidades Públicas Valencianas, PRECREA. Estos premios honoríficos están destinados a galardonar la tarea cultural realizada por personas, colectivos [&#8230;]</p>
