{"id":5181,"date":"2017-05-10T12:35:13","date_gmt":"2017-05-10T10:35:13","guid":{"rendered":"http:\/\/cultura.umh.es\/?page_id=5181"},"modified":"2025-11-26T17:00:04","modified_gmt":"2025-11-26T16:00:04","slug":"cursos-de-estiu","status":"publish","type":"page","link":"https:\/\/cultura.umh.es\/es\/cursos\/cursos-de-estiu\/","title":{"rendered":"Cursos de Verano"},"content":{"rendered":"<p><\/p>\n<h3><strong><a href=\"https:\/\/cultura.umh.es\/files\/2025\/04\/CursosDeVerano2025_cuadroCASweb.jpg\"><img loading=\"lazy\" class=\"size-medium wp-image-14252 alignleft\" src=\"https:\/\/cultura.umh.es\/files\/2025\/04\/CursosDeVerano2025_cuadroCASweb-300x300.jpg\" alt=\"Cartel de los Cursos de Verano UMH\" width=\"300\" height=\"300\" srcset=\"https:\/\/cultura.umh.es\/files\/2025\/04\/CursosDeVerano2025_cuadroCASweb-300x300.jpg 300w, https:\/\/cultura.umh.es\/files\/2025\/04\/CursosDeVerano2025_cuadroCASweb-1021x1024.jpg 1021w, https:\/\/cultura.umh.es\/files\/2025\/04\/CursosDeVerano2025_cuadroCASweb-150x150.jpg 150w, https:\/\/cultura.umh.es\/files\/2025\/04\/CursosDeVerano2025_cuadroCASweb-768x770.jpg 768w, https:\/\/cultura.umh.es\/files\/2025\/04\/CursosDeVerano2025_cuadroCASweb.jpg 1240w\" sizes=\"(max-width: 300px) 100vw, 300px\" \/><\/a>27\u00aa edici\u00f3n de Cursos de Verano UMH 2025\/2026<\/strong><\/h3>\n<p><a href=\"https:\/\/boumh.umh.es\/files\/2025\/11\/RR_03332_2025.pdf\">Convocatoria de presentaci\u00f3n de propuestas de Cursos de Verano UMH 2025\/2026 (PDF)<\/a><br \/>\n<a href=\"https:\/\/cultura.umh.es\/es\/cursos-de-estiu\/preguntas-frequents-cursos-destiu-umh\/\">Preguntas frecuentes<\/a><\/p>\n<p>Los Cursos de Verano de la UMH son un punto de encuentro e intercambio de conocimiento entre el profesorado y el alumnado, tanto en la modalidad presencial en nuestros campus y sedes de la provincia de Alicante, como a trav\u00e9s del Aula Virtual de la UMH.<\/p>\n<p>El principal objetivo de estos Cursos es el de crear foros de debate y reflexi\u00f3n din\u00e1micos y participativos, sobre los temas de actualidad en torno a las diversas \u00e1reas de conocimiento que resultan de inter\u00e9s para aquellas personas que busquen ampliar los conocimientos necesarios en su carrera acad\u00e9mica y profesional. Quienes participan reciben un reconocimiento acad\u00e9mico que incluye el detalle de las competencias y habilidades adquiridas a la vez que se puede convalidar por cr\u00e9ditos ECTS.<\/p>\n<p>El programa de Cursos de Verano UMH pretende, adem\u00e1s, que el conjunto de la ciudadan\u00eda participe en la transferencia e intercambio del conocimiento y de la cultura, a trav\u00e9s de la formaci\u00f3n permanente a lo largo de la vida con diferentes acciones para que pueda elegir aquellas que resulten de su inter\u00e9s.<\/p>\n<p>Los Cursos de Verano UMH tienen, entre otros, los siguientes:<\/p>\n<p><strong>Objetivos generales:<\/strong><\/p>\n<ul>\n<li>Fomentar el protagonismo activo de quienes participan, en la vida universitaria.<\/li>\n<li>Fomentar el Inter\u00e9s interdisciplinario en materias de las diferentes ramas del saber<\/li>\n<li>Fomentar el debate de temas de actualidad.<\/li>\n<li>Fomentar la creaci\u00f3n y transmisi\u00f3n de la cultura universitaria en toda su diversidad.<\/li>\n<li>Fomentar la formaci\u00f3n a lo largo de la vida y de democratizaci\u00f3n del conocimiento.<\/li>\n<\/ul>\n<p><strong>Objetivos espec\u00edficos:<\/strong><\/p>\n<ul>\n<li>Favorecer un aprendizaje integral mediante actividades que fomenten el desarrollo acad\u00e9mico y profesional.<\/li>\n<li>Fomentar itinerarios personalizados y diferenciados.<\/li>\n<li>Facilitar la flexibilizaci\u00f3n del curr\u00edculum profesional como marca personal.<\/li>\n<\/ul>\n<p><strong>Normativa aplicable y otros documentos:<\/strong><\/p>\n<ul>\n<li><a href=\"https:\/\/cultura.umh.es\/files\/2025\/03\/Seleccion-Cursos-de-Verano-convocatoria-2025.pdf\" target=\"_blank\" rel=\"noopener\">Cursos de verano seleccionados de la convocatoria 2024\/2025 (PDF) 80 KB&nbsp;<\/a><\/li>\n<li><a href=\"https:\/\/boumh.umh.es\/files\/2024\/11\/RR_03238_2024.pdf\" target=\"_blank\" rel=\"noopener\">Convocatoria de presentaci\u00f3n de Cursos de Verano UMH 2024\/2025 (PDF) 717KB<\/a><\/li>\n<li><a href=\"https:\/\/cultura.umh.es\/files\/2020\/05\/NORMATIVA-CRITERIOS-ECON%C3%93MICOS-CURSOS-Y-OTRAS-ACTIV-.pdf\">Normativa Criterios Econ\u00f3micos de Cursos de Verano<\/a><\/li>\n<li><a href=\"https:\/\/cultura.umh.es\/files\/2020\/05\/NORMATIVA-CURSOS-Y-OTRAS-ACTIVID-EXT_UNIV.pdf\">Normativa de Cursos de Verano<\/a><\/li>\n<li><a href=\"https:\/\/cultura.umh.es\/files\/2021\/04\/Catalogo-de-Competencias-Transversales-Actividades-Extensi%C3%B3n.pdf\" target=\"_blank\" rel=\"noopener noreferrer\">Descargar listado de competencias relativas a los Cursos de Verano<\/a><\/li>\n<li><a href=\"https:\/\/universite.umh.es\/_web_rw\/boumh\/docs\/4649_NORMATIVA%20TARJETA%20UMH%20SOLIDARIA.pdf\">Normativa tarjeta solidaria<\/a>\n<ul>\n<li>La solicitud de la Tarjeta Solidaria<span style=\"font-weight: 400\"> en la oficina de Cultura, Igualdad y Diversidad ha de estar relacionada con las actividades incluidas en sus distintos programas tales como Cursos de verano, Cursos de invierno, cursos de valenciano y otras ofertadas desde el Vicerrectorado de Cultura, Igualdad y Diversidad.<\/span><\/li>\n<li><span style=\"font-weight: 400\">En caso de estar relacionada con actividades de deporte ha de dirigirse a la <a href=\"https:\/\/deportes.umh.es\/ca\/\">Oficina de Campus Saludables y Deportes<\/a> situada en el edificio El Clot<\/span><\/li>\n<li><strong>*Se comunica que la localizaci\u00f3n para realizar la gesti\u00f3n de forma presencial ha sido actualizada. Rogamos tengan en cuenta que la nueva direcci\u00f3n para personarse es la siguiente: Edificio La Valona de la Universidad Miguel Hern\u00e1ndez de Elche, y no la indicada previamente en el documento. Disculpen las molestias.<\/strong><\/li>\n<\/ul>\n<\/li>\n<li><a href=\"https:\/\/deportes.umh.es\/files\/2010\/05\/tarjeta-extensa-umh1.pdf\">Normativa tarjeta extensa<\/a>\n<ul>\n<li>La solicitud de la Tarjeta Solidaria<span style=\"font-weight: 400\"> en la oficina de Cultura, Igualdad y Diversidad ha de estar relacionada con las actividades incluidas en sus distintos programas tales como Cursos de verano, Cursos de invierno, cursos de valenciano y otras ofertadas desde el Vicerrectorado de Cultura, Igualdad y Diversidad.<\/span><\/li>\n<li><span style=\"font-weight: 400\">En caso de estar relacionada con actividades de deporte ha de dirigirse a la <a href=\"https:\/\/deportes.umh.es\/ca\/\">Oficina de Campus Saludables y Deportes<\/a> situada en el edificio El Clot<\/span><\/li>\n<li><strong>*Se comunica que la localizaci\u00f3n para realizar la gesti\u00f3n de forma presencial ha sido actualizada. Rogamos tengan en cuenta que la nueva direcci\u00f3n para personarse es la siguiente: Edificio La Valona de la Universidad Miguel Hern\u00e1ndez de Elche, y no la indicada previamente en el documento. Disculpen las molestias.<\/strong><\/li>\n<\/ul>\n<\/li>\n<li><a href=\"https:\/\/www.boe.es\/buscar\/act.php?id=BOE-A-2003-20977\">Ley 38\/2003, de 17 de noviembre, General de subvenciones<\/a><\/li>\n<li><a href=\"http:\/\/mediaumh.es\/presupuestos\/2020\/\">Presupuesto UMH<\/a><\/li>\n<li><a href=\"https:\/\/cultura.umh.es\/files\/2021\/06\/Solicitud-de-devoluci%C3%B3n-de-tasas.pdf\" target=\"_blank\" rel=\"noopener noreferrer\">Formulario de solicitud de devoluci\u00f3n de tasas<\/a><\/li>\n<li><a href=\"https:\/\/presupuestoypatrimonio.umh.es\/files\/2020\/06\/PERSONAL-AJENO.pdf\" target=\"_blank\" rel=\"noopener noreferrer\">Documento a rellenar por la persona que participa como docente en Cursos de Verano UMH \u2013 Propuesta de pagos a personal ajeno UMH<\/a><\/li>\n<li><a href=\"https:\/\/boumh.umh.es\/files\/2023\/07\/Anexo-X-Normativa-Titulos-propios-y-actividades-de-formacion-continua.pdf\">Anexo X Normativa de T\u00edtulos propios y actividades de formaci\u00f3n continua<\/a><\/li>\n<\/ul>\n<p><strong>Tipos de matr\u00edcula:<\/strong><\/p>\n<ul>\n<li><strong>Matr\u00edcula general<\/strong>: La mayor\u00eda de cursos tendr\u00e1n un coste de 35\u20ac, aunque tambi\u00e9n algunos cursos podr\u00e1n tener precio reducido o gratuito.<\/li>\n<\/ul>\n<p>* Para realizar la matr\u00edcula, entr\u00e1is en la oferta, clic\u00e1is sobre del curso seleccionado, clic\u00e1is en el acceso al curso y aparece: \u00abPreinscripci\u00f3n y matr\u00edculaci\u00f3n\u00bb. La matr\u00edcula se realizar\u00e1 de forma electr\u00f3nica. Las plazas se adjudicar\u00e1n por riguroso orden de matriculaci\u00f3n.<\/p>\n<p><b>Certificaci\u00f3n y reconocimiento de cr\u00e9ditos de nuestras actividades:<\/b><\/p>\n<p>Algunas de nuestras actividades son susceptibles de certificaci\u00f3n. Los programas de las actividades de la Oficina de Cultura, Igualdad y Diversidad son aprobados por el Consejo de Gobierno de la Universidad y se someten a est\u00e1ndares de calidad. La UMH expide el certificado correspondiente a la actividad y se reflejan los datos generales de la actividad, el programa, el profesorado y las competencias transversales desarrolladas con su realizaci\u00f3n.<\/p>\n<ul>\n<li><strong>Para estudiantes UMH<\/strong>: La emisi\u00f3n de los certificados se realiza en formato electr\u00f3nico a trav\u00e9s de la Sede electr\u00f3nica UMH, el que facilita el acceso a los certificados los 365 d\u00edas del a\u00f1o en un formato \u00e1gil y c\u00f3modo y se incorpora al expediente junto con el expediente de la formaci\u00f3n reglada.<\/li>\n<li><strong>Para estudiantes otras universidades<\/strong>: Podr\u00e9is solicitar el reconocimiento de cr\u00e9ditos ECTS en vuestra universidad de origen. En cuanto a universidades de fuera del territorio nacional se ajustar\u00e1 al que dispone su normativa.<\/li>\n<li><strong>Concurrencia en convocatorias p\u00fablicas o a la empresa privada<\/strong>:&nbsp;Estos certificados son susceptibles de puntuar como formaci\u00f3n continua, aunque esto depender\u00e1 de los criterios de baremaci\u00f3n de cada convocatoria.<\/li>\n<\/ul>\n<p><em>La Universidad podr\u00e1 cancelar un curso 24 hores antes del su inicio si no tiene las matr\u00edculas m\u00ednimas exigidas por normativa.<\/em><\/p>\n<p>Contacto: <a href=\"mailto:cursosdestiu@umh.es\">cursosdeverano@umh.es<\/a><\/p>\n<iframe  style=\"display: block; margin: 0px auto;\"  id=\"_ytid_76638\"  width=\"480\" height=\"270\"  data-origwidth=\"480\" data-origheight=\"270\" src=\"https:\/\/www.youtube.com\/embed\/akatq1qyFt0?enablejsapi=1&autoplay=0&cc_load_policy=0&cc_lang_pref=&iv_load_policy=1&loop=0&modestbranding=0&rel=1&fs=1&playsinline=0&autohide=2&theme=dark&color=red&controls=1&\" class=\"__youtube_prefs__  no-lazyload\" title=\"YouTube player\"  allow=\"accelerometer; autoplay; clipboard-write; encrypted-media; gyroscope; picture-in-picture\" allowfullscreen data-no-lazy=\"1\" data-skipgform_ajax_framebjll=\"\"><\/iframe>\n<p>&nbsp;<\/p>\n<p>&nbsp;<\/p>","protected":false},"excerpt":{"rendered":"<p>27\u00aa edici\u00f3n de Cursos de Verano UMH 2025\/2026<br \/>\nConvocatoria de presentaci\u00f3n de propuestas de Cursos de Verano UMH 2025\/2026 (PDF)<br \/>\nPreguntas frecuentes<br \/>\nLos Cursos de Verano de la UMH son un punto de encuentro e intercambio de conocimiento entre el profesorado y el alumnado, tanto en la modalidad presencial en nuestros campus y sedes de la provincia de [&#8230;]<\/p>\n","protected":false},"author":3617,"featured_media":0,"parent":13436,"menu_order":2,"comment_status":"closed","ping_status":"closed","template":"","meta":{"ngg_post_thumbnail":0,"_links_to":"","_links_to_target":""},"_links":{"self":[{"href":"https:\/\/cultura.umh.es\/es\/wp-json\/wp\/v2\/pages\/5181"}],"collection":[{"href":"https:\/\/cultura.umh.es\/es\/wp-json\/wp\/v2\/pages"}],"about":[{"href":"https:\/\/cultura.umh.es\/es\/wp-json\/wp\/v2\/types\/page"}],"author":[{"embeddable":true,"href":"https:\/\/cultura.umh.es\/es\/wp-json\/wp\/v2\/users\/3617"}],"replies":[{"embeddable":true,"href":"https:\/\/cultura.umh.es\/es\/wp-json\/wp\/v2\/comments?post=5181"}],"version-history":[{"count":0,"href":"https:\/\/cultura.umh.es\/es\/wp-json\/wp\/v2\/pages\/5181\/revisions"}],"up":[{"embeddable":true,"href":"https:\/\/cultura.umh.es\/es\/wp-json\/wp\/v2\/pages\/13436"}],"wp:attachment":[{"href":"https:\/\/cultura.umh.es\/es\/wp-json\/wp\/v2\/media?parent=5181"}],"curies":[{"name":"wp","href":"https:\/\/api.w.org\/{rel}","templated":true}]}}

<p></p>
<h3><strong><a href="https://cultura.umh.es/files/2025/04/CursosDeVerano2025_cuadroCASweb.jpg"><img loading="lazy" class="size-medium wp-image-14252 alignleft" src="https://cultura.umh.es/files/2025/04/CursosDeVerano2025_cuadroCASweb-300x300.jpg" alt="Cartel de los Cursos de Verano UMH" width="300" height="300" srcset="https://cultura.umh.es/files/2025/04/CursosDeVerano2025_cuadroCASweb-300x300.jpg 300w, https://cultura.umh.es/files/2025/04/CursosDeVerano2025_cuadroCASweb-1021x1024.jpg 1021w, https://cultura.umh.es/files/2025/04/CursosDeVerano2025_cuadroCASweb-150x150.jpg 150w, https://cultura.umh.es/files/2025/04/CursosDeVerano2025_cuadroCASweb-768x770.jpg 768w, https://cultura.umh.es/files/2025/04/CursosDeVerano2025_cuadroCASweb.jpg 1240w" sizes="(max-width: 300px) 100vw, 300px" /></a>27ª edición de Cursos de Verano UMH 2025/2026</strong></h3>
<p><a href="https://boumh.umh.es/files/2025/11/RR_03332_2025.pdf">Convocatoria de presentación de propuestas de Cursos de Verano UMH 2025/2026 (PDF)</a><br />
<a href="https://cultura.umh.es/es/cursos-de-estiu/preguntas-frequents-cursos-destiu-umh/">Preguntas frecuentes</a></p>
<p>Los Cursos de Verano de la UMH son un punto de encuentro e intercambio de conocimiento entre el profesorado y el alumnado, tanto en la modalidad presencial en nuestros campus y sedes de la provincia de Alicante, como a través del Aula Virtual de la UMH.</p>
<p>El principal objetivo de estos Cursos es el de crear foros de debate y reflexión dinámicos y participativos, sobre los temas de actualidad en torno a las diversas áreas de conocimiento que resultan de interés para aquellas personas que busquen ampliar los conocimientos necesarios en su carrera académica y profesional. Quienes participan reciben un reconocimiento académico que incluye el detalle de las competencias y habilidades adquiridas a la vez que se puede convalidar por créditos ECTS.</p>
<p>El programa de Cursos de Verano UMH pretende, además, que el conjunto de la ciudadanía participe en la transferencia e intercambio del conocimiento y de la cultura, a través de la formación permanente a lo largo de la vida con diferentes acciones para que pueda elegir aquellas que resulten de su interés.</p>
<p>Los Cursos de Verano UMH tienen, entre otros, los siguientes:</p>
<p><strong>Objetivos generales:</strong></p>
<ul>
<li>Fomentar el protagonismo activo de quienes participan, en la vida universitaria.</li>
<li>Fomentar el Interés interdisciplinario en materias de las diferentes ramas del saber</li>
<li>Fomentar el debate de temas de actualidad.</li>
<li>Fomentar la creación y transmisión de la cultura universitaria en toda su diversidad.</li>
<li>Fomentar la formación a lo largo de la vida y de democratización del conocimiento.</li>
</ul>
<p><strong>Objetivos específicos:</strong></p>
<ul>
<li>Favorecer un aprendizaje integral mediante actividades que fomenten el desarrollo académico y profesional.</li>
<li>Fomentar itinerarios personalizados y diferenciados.</li>
<li>Facilitar la flexibilización del currículum profesional como marca personal.</li>
</ul>
<p><strong>Normativa aplicable y otros documentos:</strong></p>
<ul>
<li><a href="https://cultura.umh.es/files/2025/03/Seleccion-Cursos-de-Verano-convocatoria-2025.pdf" target="_blank" rel="noopener">Cursos de verano seleccionados de la convocatoria 2024/2025 (PDF) 80 KB&nbsp;</a></li>
<li><a href="https://boumh.umh.es/files/2024/11/RR_03238_2024.pdf" target="_blank" rel="noopener">Convocatoria de presentación de Cursos de Verano UMH 2024/2025 (PDF) 717KB</a></li>
<li><a href="https://cultura.umh.es/files/2020/05/NORMATIVA-CRITERIOS-ECON%C3%93MICOS-CURSOS-Y-OTRAS-ACTIV-.pdf">Normativa Criterios Económicos de Cursos de Verano</a></li>
<li><a href="https://cultura.umh.es/files/2020/05/NORMATIVA-CURSOS-Y-OTRAS-ACTIVID-EXT_UNIV.pdf">Normativa de Cursos de Verano</a></li>
<li><a href="https://cultura.umh.es/files/2021/04/Catalogo-de-Competencias-Transversales-Actividades-Extensi%C3%B3n.pdf" target="_blank" rel="noopener noreferrer">Descargar listado de competencias relativas a los Cursos de Verano</a></li>
<li><a href="https://universite.umh.es/_web_rw/boumh/docs/4649_NORMATIVA%20TARJETA%20UMH%20SOLIDARIA.pdf">Normativa tarjeta solidaria</a>
<ul>
<li>La solicitud de la Tarjeta Solidaria<span style="font-weight: 400"> en la oficina de Cultura, Igualdad y Diversidad ha de estar relacionada con las actividades incluidas en sus distintos programas tales como Cursos de verano, Cursos de invierno, cursos de valenciano y otras ofertadas desde el Vicerrectorado de Cultura, Igualdad y Diversidad.</span></li>
<li><span style="font-weight: 400">En caso de estar relacionada con actividades de deporte ha de dirigirse a la <a href="https://deportes.umh.es/ca/">Oficina de Campus Saludables y Deportes</a> situada en el edificio El Clot</span></li>
<li><strong>*Se comunica que la localización para realizar la gestión de forma presencial ha sido actualizada. Rogamos tengan en cuenta que la nueva dirección para personarse es la siguiente: Edificio La Valona de la Universidad Miguel Hernández de Elche, y no la indicada previamente en el documento. Disculpen las molestias.</strong></li>
</ul>
</li>
<li><a href="https://deportes.umh.es/files/2010/05/tarjeta-extensa-umh1.pdf">Normativa tarjeta extensa</a>
<ul>
<li>La solicitud de la Tarjeta Solidaria<span style="font-weight: 400"> en la oficina de Cultura, Igualdad y Diversidad ha de estar relacionada con las actividades incluidas en sus distintos programas tales como Cursos de verano, Cursos de invierno, cursos de valenciano y otras ofertadas desde el Vicerrectorado de Cultura, Igualdad y Diversidad.</span></li>
<li><span style="font-weight: 400">En caso de estar relacionada con actividades de deporte ha de dirigirse a la <a href="https://deportes.umh.es/ca/">Oficina de Campus Saludables y Deportes</a> situada en el edificio El Clot</span></li>
<li><strong>*Se comunica que la localización para realizar la gestión de forma presencial ha sido actualizada. Rogamos tengan en cuenta que la nueva dirección para personarse es la siguiente: Edificio La Valona de la Universidad Miguel Hernández de Elche, y no la indicada previamente en el documento. Disculpen las molestias.</strong></li>
</ul>
</li>
<li><a href="https://www.boe.es/buscar/act.php?id=BOE-A-2003-20977">Ley 38/2003, de 17 de noviembre, General de subvenciones</a></li>
<li><a href="http://mediaumh.es/presupuestos/2020/">Presupuesto UMH</a></li>
<li><a href="https://cultura.umh.es/files/2021/06/Solicitud-de-devoluci%C3%B3n-de-tasas.pdf" target="_blank" rel="noopener noreferrer">Formulario de solicitud de devolución de tasas</a></li>
<li><a href="https://presupuestoypatrimonio.umh.es/files/2020/06/PERSONAL-AJENO.pdf" target="_blank" rel="noopener noreferrer">Documento a rellenar por la persona que participa como docente en Cursos de Verano UMH – Propuesta de pagos a personal ajeno UMH</a></li>
<li><a href="https://boumh.umh.es/files/2023/07/Anexo-X-Normativa-Titulos-propios-y-actividades-de-formacion-continua.pdf">Anexo X Normativa de Títulos propios y actividades de formación continua</a></li>
</ul>
<p><strong>Tipos de matrícula:</strong></p>
<ul>
<li><strong>Matrícula general</strong>: La mayoría de cursos tendrán un coste de 35€, aunque también algunos cursos podrán tener precio reducido o gratuito.</li>
</ul>
<p>* Para realizar la matrícula, entráis en la oferta, clicáis sobre del curso seleccionado, clicáis en el acceso al curso y aparece: «Preinscripción y matrículación». La matrícula se realizará de forma electrónica. Las plazas se adjudicarán por riguroso orden de matriculación.</p>
<p><b>Certificación y reconocimiento de créditos de nuestras actividades:</b></p>
<p>Algunas de nuestras actividades son susceptibles de certificación. Los programas de las actividades de la Oficina de Cultura, Igualdad y Diversidad son aprobados por el Consejo de Gobierno de la Universidad y se someten a estándares de calidad. La UMH expide el certificado correspondiente a la actividad y se reflejan los datos generales de la actividad, el programa, el profesorado y las competencias transversales desarrolladas con su realización.</p>
<ul>
<li><strong>Para estudiantes UMH</strong>: La emisión de los certificados se realiza en formato electrónico a través de la Sede electrónica UMH, el que facilita el acceso a los certificados los 365 días del año en un formato ágil y cómodo y se incorpora al expediente junto con el expediente de la formación reglada.</li>
<li><strong>Para estudiantes otras universidades</strong>: Podréis solicitar el reconocimiento de créditos ECTS en vuestra universidad de origen. En cuanto a universidades de fuera del territorio nacional se ajustará al que dispone su normativa.</li>
<li><strong>Concurrencia en convocatorias públicas o a la empresa privada</strong>:&nbsp;Estos certificados son susceptibles de puntuar como formación continua, aunque esto dependerá de los criterios de baremación de cada convocatoria.</li>
</ul>
<p><em>La Universidad podrá cancelar un curso 24 hores antes del su inicio si no tiene las matrículas mínimas exigidas por normativa.</em></p>
<p>Contacto: <a href="mailto:cursosdestiu@umh.es">cursosdeverano@umh.es</a></p>
<iframe  style="display: block; margin: 0px auto;"  id="_ytid_76638"  width="480" height="270"  data-origwidth="480" data-origheight="270" src="https://www.youtube.com/embed/akatq1qyFt0?enablejsapi=1&autoplay=0&cc_load_policy=0&cc_lang_pref=&iv_load_policy=1&loop=0&modestbranding=0&rel=1&fs=1&playsinline=0&autohide=2&theme=dark&color=red&controls=1&" class="__youtube_prefs__  no-lazyload" title="YouTube player"  allow="accelerometer; autoplay; clipboard-write; encrypted-media; gyroscope; picture-in-picture" allowfullscreen data-no-lazy="1" data-skipgform_ajax_framebjll=""></iframe>
<p>&nbsp;</p>
<p>&nbsp;</p>

<p>27ª edición de Cursos de Verano UMH 2025/2026<br />
Convocatoria de presentación de propuestas de Cursos de Verano UMH 2025/2026 (PDF)<br />
Preguntas frecuentes<br />
Los Cursos de Verano de la UMH son un punto de encuentro e intercambio de conocimiento entre el profesorado y el alumnado, tanto en la modalidad presencial en nuestros campus y sedes de la provincia de [&#8230;]</p>
