{"id":5096,"date":"2017-03-29T14:27:11","date_gmt":"2017-03-29T12:27:11","guid":{"rendered":"http:\/\/cultura.umh.es\/?page_id=5096"},"modified":"2023-06-27T09:32:03","modified_gmt":"2023-06-27T07:32:03","slug":"que-es-culturalab","status":"publish","type":"page","link":"https:\/\/cultura.umh.es\/es\/arts\/culturalab\/que-es-culturalab\/","title":{"rendered":"\u00bfQu\u00e9 es CulturaLAB?"},"content":{"rendered":"<p><a href=\"https:\/\/cultura.umh.es\/files\/2017\/03\/CABECERA3.jpg\"><img loading=\"lazy\" class=\"alignleft wp-image-5325 \" src=\"https:\/\/cultura.umh.es\/files\/2017\/03\/CABECERA3-755x1024.jpg\" alt=\"CABECERA3\" width=\"341\" height=\"463\" srcset=\"https:\/\/cultura.umh.es\/files\/2017\/03\/CABECERA3-755x1024.jpg 755w, https:\/\/cultura.umh.es\/files\/2017\/03\/CABECERA3-221x300.jpg 221w, https:\/\/cultura.umh.es\/files\/2017\/03\/CABECERA3-768x1042.jpg 768w, https:\/\/cultura.umh.es\/files\/2017\/03\/CABECERA3.jpg 1238w\" sizes=\"(max-width: 341px) 100vw, 341px\" \/><\/a><\/p>\n<blockquote><p>Mucho m\u00e1s que visitas guiadas<\/p><\/blockquote>\n<p><strong>CulturaLAB, es el laboratorio de cultura y mediaci\u00f3n art\u00edstica de la Universidad Miguel Hern\u00e1ndez de Elche.&nbsp;<\/strong><\/p>\n<p>Es una iniciativa del Vicerrectorado de Cultura<b>, <\/b>Igualdad y Diversidad, que desarrolla, a partir de cada una de las exposiciones que se celebran en la Sala Universitas (Edificio de Rectorado y Consejo Social de la Universidad Miguel Hern\u00e1ndez de Elche), un programa de actividades did\u00e1cticas con el objeto de fomentar y despertar el inter\u00e9s del conocimiento del arte contempor\u00e1neo mediante la realizaci\u00f3n de diferentes tareas formativas, tales como visitas dinamizadas, que no guiadas, o la pr\u00e1ctica experimental en la aplicaci\u00f3n de las t\u00e9cnicas propias de cada una de las exposiciones.<\/p>\n<p>El desarrollo de pensamiento cr\u00edtico entre los y las visitantes, as\u00ed como entender el espacio expositivo como un lugar para pensar, sentir y participar del arte desde dentro, junto a unas maneras pedag\u00f3gicas inspiradas en la vivencia de los aspectos m\u00e1s l\u00fadicos del proceso art\u00edstico son objetivos fundamentales en cada una de las actividades did\u00e1cticas que se llevan a cabo. Estas experiencias son gratuitas y est\u00e1n abiertas a todo tipo de p\u00fablicos, generando, de esta manera, resultados y vivencias diversas que enriquecen el acto de entender el arte.<\/p>\n<p>Para ello, se realizan 3 actuaciones principales:<\/p>\n<ul>\n<li>Pizarr\u00f3n: Sinopsis visual de la actividad junto a la entrada de la Sala Universitas.<\/li>\n<li><a href=\"https:\/\/cultura.umh.es\/es\/arts\/culturalab\/bricolab\/\">BricoLAB:<\/a>&nbsp;Videotutorial sobre una t\u00e9cnica o procedimiento art\u00edstico utilizado en la exposici\u00f3n.<\/li>\n<li><a href=\"https:\/\/cultura.umh.es\/es\/arts\/culturalab\/tallers-didactics\/\">Actividad Did\u00e1ctica:<\/a>&nbsp;Que comprende una visita dinamizada, una actividad sobre la teor\u00eda y otra sobre la t\u00e9cnica.<\/li>\n<\/ul>\n<p><\/p>","protected":false},"excerpt":{"rendered":"<p>Mucho m\u00e1s que visitas guiadas<br \/>\nCulturaLAB, es el laboratorio de cultura y mediaci\u00f3n art\u00edstica de la Universidad Miguel Hern\u00e1ndez de Elche.&nbsp;<br \/>\nEs una iniciativa del Vicerrectorado de Cultura, Igualdad y Diversidad, que desarrolla, a partir de cada una de las exposiciones que se celebran en la Sala Universitas (Edificio de Rectorado y Consejo Social de la Universidad [&#8230;]<\/p>\n","protected":false},"author":3564,"featured_media":0,"parent":3425,"menu_order":1,"comment_status":"closed","ping_status":"closed","template":"","meta":{"ngg_post_thumbnail":0,"_links_to":"","_links_to_target":""},"_links":{"self":[{"href":"https:\/\/cultura.umh.es\/es\/wp-json\/wp\/v2\/pages\/5096"}],"collection":[{"href":"https:\/\/cultura.umh.es\/es\/wp-json\/wp\/v2\/pages"}],"about":[{"href":"https:\/\/cultura.umh.es\/es\/wp-json\/wp\/v2\/types\/page"}],"author":[{"embeddable":true,"href":"https:\/\/cultura.umh.es\/es\/wp-json\/wp\/v2\/users\/3564"}],"replies":[{"embeddable":true,"href":"https:\/\/cultura.umh.es\/es\/wp-json\/wp\/v2\/comments?post=5096"}],"version-history":[{"count":0,"href":"https:\/\/cultura.umh.es\/es\/wp-json\/wp\/v2\/pages\/5096\/revisions"}],"up":[{"embeddable":true,"href":"https:\/\/cultura.umh.es\/es\/wp-json\/wp\/v2\/pages\/3425"}],"wp:attachment":[{"href":"https:\/\/cultura.umh.es\/es\/wp-json\/wp\/v2\/media?parent=5096"}],"curies":[{"name":"wp","href":"https:\/\/api.w.org\/{rel}","templated":true}]}}

¿Qué es CulturaLAB?

<p><a href="https://cultura.umh.es/files/2017/03/CABECERA3.jpg"><img loading="lazy" class="alignleft wp-image-5325 " src="https://cultura.umh.es/files/2017/03/CABECERA3-755x1024.jpg" alt="CABECERA3" width="341" height="463" srcset="https://cultura.umh.es/files/2017/03/CABECERA3-755x1024.jpg 755w, https://cultura.umh.es/files/2017/03/CABECERA3-221x300.jpg 221w, https://cultura.umh.es/files/2017/03/CABECERA3-768x1042.jpg 768w, https://cultura.umh.es/files/2017/03/CABECERA3.jpg 1238w" sizes="(max-width: 341px) 100vw, 341px" /></a></p>
<blockquote><p>Mucho más que visitas guiadas</p></blockquote>
<p><strong>CulturaLAB, es el laboratorio de cultura y mediación artística de la Universidad Miguel Hernández de Elche.&nbsp;</strong></p>
<p>Es una iniciativa del Vicerrectorado de Cultura<b>, </b>Igualdad y Diversidad, que desarrolla, a partir de cada una de las exposiciones que se celebran en la Sala Universitas (Edificio de Rectorado y Consejo Social de la Universidad Miguel Hernández de Elche), un programa de actividades didácticas con el objeto de fomentar y despertar el interés del conocimiento del arte contemporáneo mediante la realización de diferentes tareas formativas, tales como visitas dinamizadas, que no guiadas, o la práctica experimental en la aplicación de las técnicas propias de cada una de las exposiciones.</p>
<p>El desarrollo de pensamiento crítico entre los y las visitantes, así como entender el espacio expositivo como un lugar para pensar, sentir y participar del arte desde dentro, junto a unas maneras pedagógicas inspiradas en la vivencia de los aspectos más lúdicos del proceso artístico son objetivos fundamentales en cada una de las actividades didácticas que se llevan a cabo. Estas experiencias son gratuitas y están abiertas a todo tipo de públicos, generando, de esta manera, resultados y vivencias diversas que enriquecen el acto de entender el arte.</p>
<p>Para ello, se realizan 3 actuaciones principales:</p>
<ul>
<li>Pizarrón: Sinopsis visual de la actividad junto a la entrada de la Sala Universitas.</li>
<li><a href="https://cultura.umh.es/es/arts/culturalab/bricolab/">BricoLAB:</a>&nbsp;Videotutorial sobre una técnica o procedimiento artístico utilizado en la exposición.</li>
<li><a href="https://cultura.umh.es/es/arts/culturalab/tallers-didactics/">Actividad Didáctica:</a>&nbsp;Que comprende una visita dinamizada, una actividad sobre la teoría y otra sobre la técnica.</li>
</ul>
<p></p>

<p>Mucho más que visitas guiadas<br />
CulturaLAB, es el laboratorio de cultura y mediación artística de la Universidad Miguel Hernández de Elche.&nbsp;<br />
Es una iniciativa del Vicerrectorado de Cultura, Igualdad y Diversidad, que desarrolla, a partir de cada una de las exposiciones que se celebran en la Sala Universitas (Edificio de Rectorado y Consejo Social de la Universidad [&#8230;]</p>
