{"id":4613,"date":"2016-11-25T12:01:51","date_gmt":"2016-11-25T11:01:51","guid":{"rendered":"http:\/\/cultura.umh.es\/?page_id=4613"},"modified":"2024-06-25T14:14:33","modified_gmt":"2024-06-25T12:14:33","slug":"festival-de-cinema-sant-joan-dalacant","status":"publish","type":"page","link":"https:\/\/cultura.umh.es\/es\/cinema\/festival-de-cinema-sant-joan-dalacant\/","title":{"rendered":"Festival de Cine Sant Joan d&#8217;Alacant"},"content":{"rendered":"<p><a href=\"https:\/\/cultura.umh.es\/files\/2020\/09\/Logo_FestivalCineSantJoanDAlacant.jpg\"><img loading=\"lazy\" class=\"wp-image-9729 alignleft\" src=\"https:\/\/cultura.umh.es\/files\/2020\/09\/Logo_FestivalCineSantJoanDAlacant-1024x340.jpg\" alt=\"\" width=\"500\" height=\"166\" srcset=\"https:\/\/cultura.umh.es\/files\/2020\/09\/Logo_FestivalCineSantJoanDAlacant-1024x340.jpg 1024w, https:\/\/cultura.umh.es\/files\/2020\/09\/Logo_FestivalCineSantJoanDAlacant-300x100.jpg 300w, https:\/\/cultura.umh.es\/files\/2020\/09\/Logo_FestivalCineSantJoanDAlacant-768x255.jpg 768w, https:\/\/cultura.umh.es\/files\/2020\/09\/Logo_FestivalCineSantJoanDAlacant.jpg 1772w\" sizes=\"(max-width: 500px) 100vw, 500px\" \/><\/a>El <strong>Festival de Cine de Sant Joan d\u2019Alacant<\/strong> se funda en el IES Lu\u00eds Garc\u00eda Berlanga, en el a\u00f1o 2000, y se organiza anualmente como parte de la programaci\u00f3n de la Concejal\u00eda de Cultura del Ayuntamiento de Sant Joan d\u2019Alacant. El ayuntamiento es actualmente el principal promotor de un certamen que ha pasado de ser un \u2018concurso nacional de&nbsp; v\u00eddeo\u2019 a reconocerse como uno de los m\u00e1s importantes festivales de cine corto de Espa\u00f1a.<\/p>\n<p>El Festival siempre ha destacado por la participaci\u00f3n del alumnado de los ciclos formativos de imagen y sonido del IES Luis Garc\u00eda Berlanga. Por ello, y gracias al resto de organizadores, patrocinadores y colaboradores, el Festival de Cine de Sant Joan d\u2019Alacant se ha identificado siempre con los valores formativos y la promoci\u00f3n de nuevos profesionales del sector audiovisual y de espect\u00e1culos.<\/p>\n<p>Juan Ram\u00f3n Roca, profesor y jefe de estudios del IES Lu\u00eds Garc\u00eda Berlanga, funda y dirige el certamen de cortometrajes hasta la XI edici\u00f3n en 2011. Posteriormente y en el marco de la actividad paralela al festival, Javier Ballesteros, antiguo alumno de Roca, iniciar\u00eda un proyecto anexo: la <em>Filmoteca de Sant Joan d\u2019Alacant<\/em>, que a partir de multitud de ciclos tem\u00e1ticos fomenta el inter\u00e9s por el arte cinematogr\u00e1fico.<\/p>\n<p>El \u00e9xito de la Filmoteca hizo que Roca le confiara a Ballesteros la direcci\u00f3n adjunta del festival de cortometrajes desde 2009 hasta 2011, para seguir respetando, de forma conjunta, las mismas sinergias culturales y educativas como principios fundamentales a seguir.<\/p>\n<p>En el a\u00f1o 2012, Juan Ram\u00f3n Roca cede su cargo en la direcci\u00f3n a Javier Ballesteros, que asume la direcci\u00f3n con una renovaci\u00f3n log\u00edstica y de criterio, nombrando un nuevo comit\u00e9 de selecci\u00f3n compuesto por el actual director Toni Crist\u00f3bal, Antonio Ruzafa y J.M.Trigueros, actuales integrantes de la <em>Asociaci\u00f3n Cultural Audiovisual Viridiana<\/em>. Al mismo tiempo se compuso un nuevo Jurado y se potenci\u00f3 la repercusi\u00f3n a todos los niveles.<\/p>\n<p>El concurso nacional de cortometrajes ha mantenido la colaboraci\u00f3n con los <em>Premios Goya<\/em> desde 2016, junto al sello de calidad de la <em>Asociaci\u00f3n de la Industria del Cortometraje<\/em>. Multitud de actividades paralelas como conciertos de bandas sonoras, pases infantiles, presentaciones, ciclos tem\u00e1ticos o talleres relacionados con el medio cinematogr\u00e1fico sit\u00faan el evento como una referencia en la provincia a nivel de divulgaci\u00f3n del s\u00e9ptimo arte.<\/p>\n<p>Bajo la nueva direcci\u00f3n, que encabeza el presidente de la <em>Asociaci\u00f3n Cultural Audiovisual Viridiana<\/em>, Toni Crist\u00f3bal, se ha batido de forma consecutiva el r\u00e9cord de cortometrajes recibidos en cada nueva edici\u00f3n, llegando a cifras que superan las 1000 inscripciones en las \u00faltimas ediciones. Es un dato significativo que tanto los creadores como productores y agencias de distribuci\u00f3n reconozcan el crecimiento del Festival de cine de Sant Joan d\u2019Alacant como una cita cultural de gran relevancia, no s\u00f3lo en la provincia de Alicante sino tambi\u00e9n a nivel auton\u00f3mico y nacional.<\/p>\n<p>En 2020, y debido a la expansi\u00f3n y magnitud de la epidemia mundial de Covid-19, la organizaci\u00f3n del Festival decidi\u00f3 llevar a cabo una edici\u00f3n en formato <em>online<\/em> por primera vez en su historia. A trav\u00e9s de <em>Festhome Tv<\/em>, se public\u00f3 al completo la secci\u00f3n oficial de cortometrajes a concurso que compet\u00eda en la XX edici\u00f3n del Festival, que estuvo en abierto y dividida en diferentes sesiones del 18 al 24 de mayo, alcanzando m\u00e1s de 1000 horas de visionado en toda Espa\u00f1a.<\/p>\n<p><a href=\"http:\/\/santjoanfestivaldecine.es\/\" target=\"_blank\" rel=\"noopener noreferrer\">Visita la p\u00e1gina del Festival de Cine de Sant Joan d&#8217;Alacant<\/a><\/p>","protected":false},"excerpt":{"rendered":"<p>El Festival de Cine de Sant Joan d\u2019Alacant se funda en el IES Lu\u00eds Garc\u00eda Berlanga, en el a\u00f1o 2000, y se organiza anualmente como parte de la programaci\u00f3n de la Concejal\u00eda de Cultura del Ayuntamiento de Sant Joan d\u2019Alacant. El ayuntamiento es actualmente el principal promotor de un certamen que ha pasado de ser [&#8230;]<\/p>\n","protected":false},"author":3564,"featured_media":0,"parent":1449,"menu_order":4,"comment_status":"closed","ping_status":"closed","template":"","meta":{"ngg_post_thumbnail":0,"_links_to":"","_links_to_target":""},"_links":{"self":[{"href":"https:\/\/cultura.umh.es\/es\/wp-json\/wp\/v2\/pages\/4613"}],"collection":[{"href":"https:\/\/cultura.umh.es\/es\/wp-json\/wp\/v2\/pages"}],"about":[{"href":"https:\/\/cultura.umh.es\/es\/wp-json\/wp\/v2\/types\/page"}],"author":[{"embeddable":true,"href":"https:\/\/cultura.umh.es\/es\/wp-json\/wp\/v2\/users\/3564"}],"replies":[{"embeddable":true,"href":"https:\/\/cultura.umh.es\/es\/wp-json\/wp\/v2\/comments?post=4613"}],"version-history":[{"count":0,"href":"https:\/\/cultura.umh.es\/es\/wp-json\/wp\/v2\/pages\/4613\/revisions"}],"up":[{"embeddable":true,"href":"https:\/\/cultura.umh.es\/es\/wp-json\/wp\/v2\/pages\/1449"}],"wp:attachment":[{"href":"https:\/\/cultura.umh.es\/es\/wp-json\/wp\/v2\/media?parent=4613"}],"curies":[{"name":"wp","href":"https:\/\/api.w.org\/{rel}","templated":true}]}}

<p><a href="https://cultura.umh.es/files/2020/09/Logo_FestivalCineSantJoanDAlacant.jpg"><img loading="lazy" class="wp-image-9729 alignleft" src="https://cultura.umh.es/files/2020/09/Logo_FestivalCineSantJoanDAlacant-1024x340.jpg" alt="" width="500" height="166" srcset="https://cultura.umh.es/files/2020/09/Logo_FestivalCineSantJoanDAlacant-1024x340.jpg 1024w, https://cultura.umh.es/files/2020/09/Logo_FestivalCineSantJoanDAlacant-300x100.jpg 300w, https://cultura.umh.es/files/2020/09/Logo_FestivalCineSantJoanDAlacant-768x255.jpg 768w, https://cultura.umh.es/files/2020/09/Logo_FestivalCineSantJoanDAlacant.jpg 1772w" sizes="(max-width: 500px) 100vw, 500px" /></a>El <strong>Festival de Cine de Sant Joan d’Alacant</strong> se funda en el IES Luís García Berlanga, en el año 2000, y se organiza anualmente como parte de la programación de la Concejalía de Cultura del Ayuntamiento de Sant Joan d’Alacant. El ayuntamiento es actualmente el principal promotor de un certamen que ha pasado de ser un ‘concurso nacional de&nbsp; vídeo’ a reconocerse como uno de los más importantes festivales de cine corto de España.</p>
<p>El Festival siempre ha destacado por la participación del alumnado de los ciclos formativos de imagen y sonido del IES Luis García Berlanga. Por ello, y gracias al resto de organizadores, patrocinadores y colaboradores, el Festival de Cine de Sant Joan d’Alacant se ha identificado siempre con los valores formativos y la promoción de nuevos profesionales del sector audiovisual y de espectáculos.</p>
<p>Juan Ramón Roca, profesor y jefe de estudios del IES Luís García Berlanga, funda y dirige el certamen de cortometrajes hasta la XI edición en 2011. Posteriormente y en el marco de la actividad paralela al festival, Javier Ballesteros, antiguo alumno de Roca, iniciaría un proyecto anexo: la <em>Filmoteca de Sant Joan d’Alacant</em>, que a partir de multitud de ciclos temáticos fomenta el interés por el arte cinematográfico.</p>
<p>El éxito de la Filmoteca hizo que Roca le confiara a Ballesteros la dirección adjunta del festival de cortometrajes desde 2009 hasta 2011, para seguir respetando, de forma conjunta, las mismas sinergias culturales y educativas como principios fundamentales a seguir.</p>
<p>En el año 2012, Juan Ramón Roca cede su cargo en la dirección a Javier Ballesteros, que asume la dirección con una renovación logística y de criterio, nombrando un nuevo comité de selección compuesto por el actual director Toni Cristóbal, Antonio Ruzafa y J.M.Trigueros, actuales integrantes de la <em>Asociación Cultural Audiovisual Viridiana</em>. Al mismo tiempo se compuso un nuevo Jurado y se potenció la repercusión a todos los niveles.</p>
<p>El concurso nacional de cortometrajes ha mantenido la colaboración con los <em>Premios Goya</em> desde 2016, junto al sello de calidad de la <em>Asociación de la Industria del Cortometraje</em>. Multitud de actividades paralelas como conciertos de bandas sonoras, pases infantiles, presentaciones, ciclos temáticos o talleres relacionados con el medio cinematográfico sitúan el evento como una referencia en la provincia a nivel de divulgación del séptimo arte.</p>
<p>Bajo la nueva dirección, que encabeza el presidente de la <em>Asociación Cultural Audiovisual Viridiana</em>, Toni Cristóbal, se ha batido de forma consecutiva el récord de cortometrajes recibidos en cada nueva edición, llegando a cifras que superan las 1000 inscripciones en las últimas ediciones. Es un dato significativo que tanto los creadores como productores y agencias de distribución reconozcan el crecimiento del Festival de cine de Sant Joan d’Alacant como una cita cultural de gran relevancia, no sólo en la provincia de Alicante sino también a nivel autonómico y nacional.</p>
<p>En 2020, y debido a la expansión y magnitud de la epidemia mundial de Covid-19, la organización del Festival decidió llevar a cabo una edición en formato <em>online</em> por primera vez en su historia. A través de <em>Festhome Tv</em>, se publicó al completo la sección oficial de cortometrajes a concurso que competía en la XX edición del Festival, que estuvo en abierto y dividida en diferentes sesiones del 18 al 24 de mayo, alcanzando más de 1000 horas de visionado en toda España.</p>
<p><a href="http://santjoanfestivaldecine.es/" target="_blank" rel="noopener noreferrer">Visita la página del Festival de Cine de Sant Joan d&#8217;Alacant</a></p>

<p>El Festival de Cine de Sant Joan d’Alacant se funda en el IES Luís García Berlanga, en el año 2000, y se organiza anualmente como parte de la programación de la Concejalía de Cultura del Ayuntamiento de Sant Joan d’Alacant. El ayuntamiento es actualmente el principal promotor de un certamen que ha pasado de ser [&#8230;]</p>
