{"id":4557,"date":"2016-11-18T14:42:30","date_gmt":"2016-11-18T13:42:30","guid":{"rendered":"http:\/\/cultura.umh.es\/?page_id=4557"},"modified":"2025-09-17T14:25:59","modified_gmt":"2025-09-17T12:25:59","slug":"joumh","status":"publish","type":"page","link":"https:\/\/cultura.umh.es\/es\/arts-visuals-i-esceniques-2\/joumh\/","title":{"rendered":"Joven Orquesta UMH"},"content":{"rendered":"<p><\/p>\n<ul>\n<li><a href=\"https:\/\/cultura.umh.es\/es\/tag\/joumh\/\">Ver los eventos de la Joven Orquesta UMH<\/a><\/li>\n<li><a href=\"https:\/\/cultura.umh.es\/es\/arts-visuals-i-esceniques-2\/joumh\/cursos-de-direccio-musical\/\">Ver el curso Direcci\u00f3n musical<\/a><\/li>\n<li><a href=\"https:\/\/cultura.umh.es\/es\/2025\/07\/28\/proves-dadmissio-a-la-jove-orquestra-umh-4\/\">Ver las pruebas de admisi\u00f3n a la Joven Orquesta UMH<\/a><\/li>\n<\/ul>\n<p>&nbsp;<\/p>\n<hr>\n<p><a href=\"https:\/\/cultura.umh.es\/files\/2019\/03\/Logo_JOUMHCAS.png\"><img loading=\"lazy\" class=\"size-medium wp-image-8162 alignnone\" src=\"https:\/\/cultura.umh.es\/files\/2019\/03\/Logo_JOUMHCAS-300x106.png\" alt=\"Logo de la Joven Orquesta de la Universidad Miguel Hern\u00e1ndez de Elche\" width=\"300\" height=\"106\" srcset=\"https:\/\/cultura.umh.es\/files\/2019\/03\/Logo_JOUMHCAS-300x106.png 300w, https:\/\/cultura.umh.es\/files\/2019\/03\/Logo_JOUMHCAS-768x272.png 768w, https:\/\/cultura.umh.es\/files\/2019\/03\/Logo_JOUMHCAS-1024x362.png 1024w, https:\/\/cultura.umh.es\/files\/2019\/03\/Logo_JOUMHCAS.png 1063w\" sizes=\"(max-width: 300px) 100vw, 300px\" \/><\/a><\/p>\n<p>Si te gusta la m\u00fasica y tocas alguna especialidad instrumental, puedes formar parte de la <strong>Joven Orquesta UMH (JOUMH).<\/strong>&nbsp;Para ello ponte en contacto con nosotros en el correo de&nbsp;<a href=\"mailto:orquestaumh@umh.es\">orquestaumh@umh.es<\/a>.<\/p>\n<p>Durante el curso acad\u00e9mico tendr\u00e1n lugar los ensayos en el campus de Elche, donde la orquesta se prepara para ofrecer diferentes conciertos.<\/p>\n<p>Es una actividad gratuita, organizada por el Vicerrectorado de Cultura, Igualdad y Diversidad, y puede participar cualquier persona interesada con los conocimientos musicales necesarios.<\/p>\n<p>La m\u00fasica es la actividad humana m\u00e1s global, m\u00e1s armoniosa, aquella en la que el ser humano es al mismo tiempo material y espiritual, din\u00e1mico, sensorial, afectivo, mental e idealista.<\/p>\n<p>La Universidad Miguel Hern\u00e1ndez de Elche ofrece a su comunidad universitaria la posibilidad de participar en el proyecto de formarse musicalmente en el seno de una gran agrupaci\u00f3n musical, SU ORQUESTA.<br \/>\nTe esperamos.<\/p>\n<p><em>La m\u00fasica comienza cuando las palabras acaban.<\/em><br \/>\nFrancisco Serra Mart\u00ednez<br \/>\nDirector de la JOUMH<\/p>\n<p>&nbsp;<\/p>\n<p><strong>Para m\u00e1s informaci\u00f3n:<br \/>\n<\/strong>orquestaumh@umh.es<br \/>\n966 65 84 65<\/p>","protected":false},"excerpt":{"rendered":"<p>Ver los eventos de la Joven Orquesta UMH<br \/>\nVer el curso Direcci\u00f3n musical<br \/>\nVer las pruebas de admisi\u00f3n a la Joven Orquesta UMH<\/p>\n<p>&nbsp;<\/p>\n<p>Si te gusta la m\u00fasica y tocas alguna especialidad instrumental, puedes formar parte de la Joven Orquesta UMH (JOUMH).&nbsp;Para ello ponte en contacto con nosotros en el correo de&nbsp;orquestaumh@umh.es.<br \/>\nDurante el curso acad\u00e9mico tendr\u00e1n lugar los [&#8230;]<\/p>\n","protected":false},"author":3564,"featured_media":0,"parent":12401,"menu_order":4,"comment_status":"closed","ping_status":"closed","template":"","meta":{"ngg_post_thumbnail":0,"_links_to":"","_links_to_target":""},"_links":{"self":[{"href":"https:\/\/cultura.umh.es\/es\/wp-json\/wp\/v2\/pages\/4557"}],"collection":[{"href":"https:\/\/cultura.umh.es\/es\/wp-json\/wp\/v2\/pages"}],"about":[{"href":"https:\/\/cultura.umh.es\/es\/wp-json\/wp\/v2\/types\/page"}],"author":[{"embeddable":true,"href":"https:\/\/cultura.umh.es\/es\/wp-json\/wp\/v2\/users\/3564"}],"replies":[{"embeddable":true,"href":"https:\/\/cultura.umh.es\/es\/wp-json\/wp\/v2\/comments?post=4557"}],"version-history":[{"count":0,"href":"https:\/\/cultura.umh.es\/es\/wp-json\/wp\/v2\/pages\/4557\/revisions"}],"up":[{"embeddable":true,"href":"https:\/\/cultura.umh.es\/es\/wp-json\/wp\/v2\/pages\/12401"}],"wp:attachment":[{"href":"https:\/\/cultura.umh.es\/es\/wp-json\/wp\/v2\/media?parent=4557"}],"curies":[{"name":"wp","href":"https:\/\/api.w.org\/{rel}","templated":true}]}}

<p></p>
<ul>
<li><a href="https://cultura.umh.es/es/tag/joumh/">Ver los eventos de la Joven Orquesta UMH</a></li>
<li><a href="https://cultura.umh.es/es/arts-visuals-i-esceniques-2/joumh/cursos-de-direccio-musical/">Ver el curso Dirección musical</a></li>
<li><a href="https://cultura.umh.es/es/2025/07/28/proves-dadmissio-a-la-jove-orquestra-umh-4/">Ver las pruebas de admisión a la Joven Orquesta UMH</a></li>
</ul>
<p>&nbsp;</p>
<hr>
<p><a href="https://cultura.umh.es/files/2019/03/Logo_JOUMHCAS.png"><img loading="lazy" class="size-medium wp-image-8162 alignnone" src="https://cultura.umh.es/files/2019/03/Logo_JOUMHCAS-300x106.png" alt="Logo de la Joven Orquesta de la Universidad Miguel Hernández de Elche" width="300" height="106" srcset="https://cultura.umh.es/files/2019/03/Logo_JOUMHCAS-300x106.png 300w, https://cultura.umh.es/files/2019/03/Logo_JOUMHCAS-768x272.png 768w, https://cultura.umh.es/files/2019/03/Logo_JOUMHCAS-1024x362.png 1024w, https://cultura.umh.es/files/2019/03/Logo_JOUMHCAS.png 1063w" sizes="(max-width: 300px) 100vw, 300px" /></a></p>
<p>Si te gusta la música y tocas alguna especialidad instrumental, puedes formar parte de la <strong>Joven Orquesta UMH (JOUMH).</strong>&nbsp;Para ello ponte en contacto con nosotros en el correo de&nbsp;<a href="mailto:orquestaumh@umh.es">orquestaumh@umh.es</a>.</p>
<p>Durante el curso académico tendrán lugar los ensayos en el campus de Elche, donde la orquesta se prepara para ofrecer diferentes conciertos.</p>
<p>Es una actividad gratuita, organizada por el Vicerrectorado de Cultura, Igualdad y Diversidad, y puede participar cualquier persona interesada con los conocimientos musicales necesarios.</p>
<p>La música es la actividad humana más global, más armoniosa, aquella en la que el ser humano es al mismo tiempo material y espiritual, dinámico, sensorial, afectivo, mental e idealista.</p>
<p>La Universidad Miguel Hernández de Elche ofrece a su comunidad universitaria la posibilidad de participar en el proyecto de formarse musicalmente en el seno de una gran agrupación musical, SU ORQUESTA.<br />
Te esperamos.</p>
<p><em>La música comienza cuando las palabras acaban.</em><br />
Francisco Serra Martínez<br />
Director de la JOUMH</p>
<p>&nbsp;</p>
<p><strong>Para más información:<br />
</strong>orquestaumh@umh.es<br />
966 65 84 65</p>

<p>Ver los eventos de la Joven Orquesta UMH<br />
Ver el curso Dirección musical<br />
Ver las pruebas de admisión a la Joven Orquesta UMH</p>
<p>&nbsp;</p>
<p>Si te gusta la música y tocas alguna especialidad instrumental, puedes formar parte de la Joven Orquesta UMH (JOUMH).&nbsp;Para ello ponte en contacto con nosotros en el correo de&nbsp;orquestaumh@umh.es.<br />
Durante el curso académico tendrán lugar los [&#8230;]</p>
