{"id":10167,"date":"2021-03-23T11:21:56","date_gmt":"2021-03-23T10:21:56","guid":{"rendered":"https:\/\/cultura.umh.es\/?page_id=10167"},"modified":"2026-04-22T10:49:34","modified_gmt":"2026-04-22T08:49:34","slug":"umh-fest","status":"publish","type":"page","link":"https:\/\/cultura.umh.es\/es\/convocatorias\/umh-fest\/","title":{"rendered":"UMH Fest &#8211; Concurso de grupos de m\u00fasica"},"content":{"rendered":"<p><a href=\"https:\/\/cultura.umh.es\/files\/2023\/06\/ConcursoGruposdeMusica_bannerCAS.jpg\"><img loading=\"lazy\" class=\"alignnone size-medium wp-image-12395\" src=\"https:\/\/cultura.umh.es\/files\/2023\/06\/ConcursoGruposdeMusica_bannerCAS-300x183.jpg\" alt=\"Banner del Concurso de Grupos de M\u00fasica de la UMH\" width=\"300\" height=\"183\" srcset=\"https:\/\/cultura.umh.es\/files\/2023\/06\/ConcursoGruposdeMusica_bannerCAS-300x183.jpg 300w, https:\/\/cultura.umh.es\/files\/2023\/06\/ConcursoGruposdeMusica_bannerCAS.jpg 369w\" sizes=\"(max-width: 300px) 100vw, 300px\" \/><\/a><\/p>\n<h3><strong>XXIII Concurso de Grupos de M\u00fasica de la UMH 2026<\/strong><\/h3>\n<p>El Concurso de Grupos de M\u00fasica de la UMH se ha consolidado como la plataforma definitiva para el talento emergente en nuestros campus. Este certamen busca dar voz a bandas y solistas de la comunidad universitaria, premiando no solo la calidad t\u00e9cnica, sino tambi\u00e9n la originalidad y la puesta en escena. Es la oportunidad perfecta para que los artistas locales salgan del local de ensayo y se enfrenten a una comisi\u00f3n de valoraci\u00f3n, compitiendo por premios que impulsan sus carreras musicales.<\/p>\n<p>El punto \u00e1lgido de esta iniciativa llega con el UMH Fest, el festival de conciertos donde la m\u00fasica en vivo toma el protagonismo absoluto. Los ganadores y grupos seleccionados del concurso tienen el privilegio de subir al escenario principal de este evento, disfrutando de una producci\u00f3n t\u00e9cnica de primer nivel. El UMH Fest no es solo una recompensa para los m\u00fasicos, sino una gran celebraci\u00f3n colectiva a trav\u00e9s del ritmo y la energ\u00eda del directo.<\/p>\n<p><a href=\"https:\/\/cultura.umh.es\/files\/2026\/04\/Logo_UMHFest_pequeno.png\"><img loading=\"lazy\" class=\"size-medium wp-image-19325 alignleft\" src=\"https:\/\/cultura.umh.es\/files\/2026\/04\/Logo_UMHFest_pequeno-288x300.png\" alt=\"\" width=\"288\" height=\"300\" srcset=\"https:\/\/cultura.umh.es\/files\/2026\/04\/Logo_UMHFest_pequeno-288x300.png 288w, https:\/\/cultura.umh.es\/files\/2026\/04\/Logo_UMHFest_pequeno.png 591w\" sizes=\"(max-width: 288px) 100vw, 288px\" \/><\/a>Si te has quedado con ganas de m\u00e1s o quieres revivir los mejores momentos de a\u00f1os anteriores, no te puedes perder el podcast \u00abRemember UMH Fest\u00bb. En este espacio podr\u00e1s profundizar en la historia del festival y conocer de cerca a los protagonistas que han pasado por sus escenarios. Tienes todas las entregas disponibles a trav\u00e9s de <a href=\"https:\/\/radio.umh.es\/category\/programas-radio-umh-2012-2013\/extension\/remember-umh-fest\/\" target=\"_blank\" rel=\"noopener\">Radio UMH<\/a>, disfrutando de sus contenidos tanto en la emisi\u00f3n de la radio en directo como a la carta desde su p\u00e1gina web oficial.<\/p>\n<p><strong>Convocatoria:<\/strong><\/p>\n<p><a href=\"https:\/\/boumh.umh.es\/files\/2026\/04\/RR_00893_2026.pdf\" target=\"_blank\" rel=\"noopener\">Descargar Convocatoria del XXIII Concurso de grupos de m\u00fasica de la UMH 2026 en el BOUMH<\/a><\/p>\n<p><a href=\"https:\/\/dogv.gva.es\/datos\/2026\/04\/22\/pdf\/2026_11514_es.pdf\" target=\"_blank\" rel=\"noopener\">Descargar Convocatoria del XXIII Concurs de grupos de m\u00fasica de la UMH 2026 en el DOGV<\/a><\/p>\n<p style=\"padding-left: 40px\">Fecha de inicio del plazo de solicitudes: 23\/04\/2026<br \/>\nFecha de fin del plazo de solicitudes: 31\/05\/2026<\/p>\n<p><a href=\"https:\/\/cultura.umh.es\/files\/2026\/04\/2026-Anexo-UMH-FEST.docx\">Descargar anexo II Formulario de presentaci\u00f3n<\/a><\/p>","protected":false},"excerpt":{"rendered":"<p>XXIII Concurso de Grupos de M\u00fasica de la UMH 2026<br \/>\nEl Concurso de Grupos de M\u00fasica de la UMH se ha consolidado como la plataforma definitiva para el talento emergente en nuestros campus. Este certamen busca dar voz a bandas y solistas de la comunidad universitaria, premiando no solo la calidad t\u00e9cnica, sino tambi\u00e9n la originalidad [&#8230;]<\/p>\n","protected":false},"author":2954,"featured_media":0,"parent":3308,"menu_order":6,"comment_status":"closed","ping_status":"closed","template":"","meta":{"ngg_post_thumbnail":0,"_links_to":"","_links_to_target":""},"_links":{"self":[{"href":"https:\/\/cultura.umh.es\/es\/wp-json\/wp\/v2\/pages\/10167"}],"collection":[{"href":"https:\/\/cultura.umh.es\/es\/wp-json\/wp\/v2\/pages"}],"about":[{"href":"https:\/\/cultura.umh.es\/es\/wp-json\/wp\/v2\/types\/page"}],"author":[{"embeddable":true,"href":"https:\/\/cultura.umh.es\/es\/wp-json\/wp\/v2\/users\/2954"}],"replies":[{"embeddable":true,"href":"https:\/\/cultura.umh.es\/es\/wp-json\/wp\/v2\/comments?post=10167"}],"version-history":[{"count":0,"href":"https:\/\/cultura.umh.es\/es\/wp-json\/wp\/v2\/pages\/10167\/revisions"}],"up":[{"embeddable":true,"href":"https:\/\/cultura.umh.es\/es\/wp-json\/wp\/v2\/pages\/3308"}],"wp:attachment":[{"href":"https:\/\/cultura.umh.es\/es\/wp-json\/wp\/v2\/media?parent=10167"}],"curies":[{"name":"wp","href":"https:\/\/api.w.org\/{rel}","templated":true}]}}

UMH Fest &#8211; Concurso de grupos de música

<p><a href="https://cultura.umh.es/files/2023/06/ConcursoGruposdeMusica_bannerCAS.jpg"><img loading="lazy" class="alignnone size-medium wp-image-12395" src="https://cultura.umh.es/files/2023/06/ConcursoGruposdeMusica_bannerCAS-300x183.jpg" alt="Banner del Concurso de Grupos de Música de la UMH" width="300" height="183" srcset="https://cultura.umh.es/files/2023/06/ConcursoGruposdeMusica_bannerCAS-300x183.jpg 300w, https://cultura.umh.es/files/2023/06/ConcursoGruposdeMusica_bannerCAS.jpg 369w" sizes="(max-width: 300px) 100vw, 300px" /></a></p>
<h3><strong>XXIII Concurso de Grupos de Música de la UMH 2026</strong></h3>
<p>El Concurso de Grupos de Música de la UMH se ha consolidado como la plataforma definitiva para el talento emergente en nuestros campus. Este certamen busca dar voz a bandas y solistas de la comunidad universitaria, premiando no solo la calidad técnica, sino también la originalidad y la puesta en escena. Es la oportunidad perfecta para que los artistas locales salgan del local de ensayo y se enfrenten a una comisión de valoración, compitiendo por premios que impulsan sus carreras musicales.</p>
<p>El punto álgido de esta iniciativa llega con el UMH Fest, el festival de conciertos donde la música en vivo toma el protagonismo absoluto. Los ganadores y grupos seleccionados del concurso tienen el privilegio de subir al escenario principal de este evento, disfrutando de una producción técnica de primer nivel. El UMH Fest no es solo una recompensa para los músicos, sino una gran celebración colectiva a través del ritmo y la energía del directo.</p>
<p><a href="https://cultura.umh.es/files/2026/04/Logo_UMHFest_pequeno.png"><img loading="lazy" class="size-medium wp-image-19325 alignleft" src="https://cultura.umh.es/files/2026/04/Logo_UMHFest_pequeno-288x300.png" alt="" width="288" height="300" srcset="https://cultura.umh.es/files/2026/04/Logo_UMHFest_pequeno-288x300.png 288w, https://cultura.umh.es/files/2026/04/Logo_UMHFest_pequeno.png 591w" sizes="(max-width: 288px) 100vw, 288px" /></a>Si te has quedado con ganas de más o quieres revivir los mejores momentos de años anteriores, no te puedes perder el podcast «Remember UMH Fest». En este espacio podrás profundizar en la historia del festival y conocer de cerca a los protagonistas que han pasado por sus escenarios. Tienes todas las entregas disponibles a través de <a href="https://radio.umh.es/category/programas-radio-umh-2012-2013/extension/remember-umh-fest/" target="_blank" rel="noopener">Radio UMH</a>, disfrutando de sus contenidos tanto en la emisión de la radio en directo como a la carta desde su página web oficial.</p>
<p><strong>Convocatoria:</strong></p>
<p><a href="https://boumh.umh.es/files/2026/04/RR_00893_2026.pdf" target="_blank" rel="noopener">Descargar Convocatoria del XXIII Concurso de grupos de música de la UMH 2026 en el BOUMH</a></p>
<p><a href="https://dogv.gva.es/datos/2026/04/22/pdf/2026_11514_es.pdf" target="_blank" rel="noopener">Descargar Convocatoria del XXIII Concurs de grupos de música de la UMH 2026 en el DOGV</a></p>
<p style="padding-left: 40px">Fecha de inicio del plazo de solicitudes: 23/04/2026<br />
Fecha de fin del plazo de solicitudes: 31/05/2026</p>
<p><a href="https://cultura.umh.es/files/2026/04/2026-Anexo-UMH-FEST.docx">Descargar anexo II Formulario de presentación</a></p>

<p>XXIII Concurso de Grupos de Música de la UMH 2026<br />
El Concurso de Grupos de Música de la UMH se ha consolidado como la plataforma definitiva para el talento emergente en nuestros campus. Este certamen busca dar voz a bandas y solistas de la comunidad universitaria, premiando no solo la calidad técnica, sino también la originalidad [&#8230;]</p>
